Calculate m(k).
6
Suppose 4*y - 6 = y. Let c be (5 + -2 + -1)*y. Let k(f) = -2*f - 1. Give k(c).
-9
Let b(z) = -7*z - 10. Let j be b(-2). Suppose 2*n = -3*n + 10. Let f(d) = j*d**2 + 0 + 5 + d**3 + n*d - 2. Determine f(-3).
6
Let o(u) = -u + 0 + 4 - 3. What is o(-6)?
7
Let f(w) = -w**2 - 1. Let b(l) = l**3 - 6*l**2 + 2*l - 8. Let u(d) = b(d) - 3*f(d). Give u(3).
1
Let p = 5 - 7. Let i be (p/(-4))/((-2)/(-8)). Let d(k) = 2*k - 2. Calculate d(i).
2
Suppose -2*l - 72 = -6*m + 2*m, -m - 2*l = -13. Let o = m + -13. Let y(h) = -3*h + h**2 + 1 + 1 - 5. Calculate y(o).
1
Let t(y) be the third derivative of y**4/24 - y**3/2 + 4*y**2. Determine t(7).
4
Let o be 5/3 + 1/3. Let m(z) = o*z**3 - 3 - 3*z**3 + 0*z**2 - z + 0*z**2 - 3*z**2. What is m(-3)?
0
Suppose 4*t = -3*f + 10 + 2, 0 = -2*f. Let k(n) = n - 4. Determine k(t).
-1
Let f be (0 - -1)*4/1. Let w(q) be the second derivative of -5/6*q**3 + q**2 + 1/12*q**f - 2*q + 0. Give w(3).
-4
Let h(x) = -2*x**2 - x + 13. Let w(q) = -q**2 + 6. Let z(t) = -3*h(t) + 7*w(t). Give z(4).
-1
Let d(v) = v + 13. Let a be d(-7). Let y be a*2/(-3) + -1. Let z(i) = i + 2. Calculate z(y).
-3
Suppose 0*k - k = -2. Let x = k + -1. Let o(w) be the third derivative of -w**6/15 - w**3/6 + 8*w**2. What is o(x)?
-9
Let x(g) be the second derivative of -g**6/720 - g**4/6 - 3*g. Let d(z) be the third derivative of x(z). Determine d(0).
0
Let w(b) = -3*b - 1. Let c = -3 - -7. Let n(h) = h**2 - 6*h + 5. Let k be n(c). Determine w(k).
8
Suppose -12 = -6*l - 0. Let q(k) = -6*k**2 - 8*k + 8. Let o(b) = -b**2 - b + 1. Let h(i) = -5*o(i) + q(i). Give h(l).
-7
Let j(p) = -p**2 - 7*p + 4. Suppose 0 = 2*i - 12 + 28. Determine j(i).
-4
Let t be (1/1)/((-2)/10). Let p(k) be the second derivative of 2*k + 0 - 1/20*k**5 - 5/12*k**4 - 1/6*k**3 - 3*k**2. What is p(t)?
-1
Let j(x) be the third derivative of 1/6*x**3 - 1/40*x**5 + 0 + 0*x**4 + 0*x + 2*x**2. Let h(v) be the first derivative of j(v). Give h(-1).
3
Let f(o) be the first derivative of -2*o**2 - 2*o - 61. Give f(-7).
26
Let y(m) = -m**2 - 3*m + 13. Let g be y(-6). Let x(j) be the first derivative of j**3/3 + 3*j**2 + 7*j - 1. Determine x(g).
2
Let b(f) = f. Suppose -3*c + 5*k - 18 = -44, 5*c - 32 = -3*k. Suppose p + c = 2. What is b(p)?
-5
Suppose 5*b + 16 = 13*b. Let h(d) = 4*d - 2. Determine h(b).
6
Let k be (-30)/(-2) + 1 + -2. Let o be k/8 + (-3)/(-12). Let m(y) be the first derivative of -y**3 + 2*y**2 - 2*y - 1. Give m(o).
-6
Let f(p) be the third derivative of p**6/120 + p**5/60 - p**4/24 - p**3/3 - 10*p**2. Give f(0).
-2
Let o(b) = b**3 - 3*b**2 - 2*b - 3. Let f = 13 + -27. Let u = f - -10. Let y(n) = -n**3 + 5*n**2 + 3*n + 5. Let q(x) = u*y(x) - 7*o(x). What is q(-1)?
3
Let x = 24 - 26. Let m(y) = -y + 2. Give m(x).
4
Let b be ((-14)/10 - -1)*5. Let o = 5 + b. Let p(x) = 0 + 4*x - o*x - 1. Calculate p(4).
3
Let o(i) = -i + 1. Suppose -2*h + 14 = -6*h - z, -6 = 3*z. Let x be (1 - 1)/(-1 - h). Suppose x - 6 = -3*f. Calculate o(f).
-1
Let b(f) = -f**2 + f + 1. Let g(t) be the third derivative of -t**4/24 + 7*t**3/6 - 5*t**2. Let k be g(7). Calculate b(k).
1
Let x(y) = y - 2. Let u be x(-2). Suppose 5*s = -0*s + 10. Let c(f) = -f**2 - 1 - 1 + 2*f**s + 3*f - 1. Determine c(u).
1
Let d(r) = r**3 - r**2 - 1. Suppose 0*f = f - w - 4, -4*w = 8. Calculate d(f).
3
Let b be -3*1 + 14 + -10. Let r(a) be the second derivative of 4*a**3/3 - a**2/2 + 2*a. Determine r(b).
7
Let i(r) be the third derivative of r**4/24 - 5*r**3/6 + 5*r**2. Give i(8).
3
Let a(o) be the third derivative of 1/120*o**5 - 1/8*o**4 + 0*o - o**2 + 1/6*o**3 + 0. Let g(i) be the first derivative of a(i). Determine g(3).
0
Let b be (-12)/10*5/(-2). Let g(n) be the third derivative of n**4/24 - 2*n**3/3 + 15*n**2. What is g(b)?
-1
Let m(z) = 2*z**3 - z**2 - z + 1. Let h be m(1). Suppose 14 + h = -5*d. Let a(i) = -i**3 - 2*i**2 + i - 4. Calculate a(d).
2
Let q(b) = b**3 + 4*b**2 - 7*b - 5. Let h(v) = -v**3 + 3*v**2 + 3*v. Let n be h(3). Suppose -2*y - n - 1 = 0. Determine q(y).
5
Let p(v) = v**3 + v**2 - 2*v - 1. Let y(t) = -7*t**2 - 8*t - 1. Let k(l) = 11*l**2 + 12*l + 2. Let b(u) = 5*k(u) + 8*y(u). Let g be b(-4). What is p(g)?
7
Let q(d) = 0*d**2 + 0*d**2 - 4 - 3*d + d**2. Suppose -5*r + 18 = f, -4*r + 0*r = -2*f - 6. Give q(r).
-4
Let j(d) = 3*d - 1. Suppose -5*x - 12 = -2*x. What is j(x)?
-13
Let k = -6 + 5. Let u(s) be the third derivative of -s**6/30 + s**3/6 + s**2. Calculate u(k).
5
Let n(x) be the third derivative of -2/15*x**5 + 1/120*x**6 + 0*x - 1/6*x**3 + 0 - 4*x**2 + 0*x**4. What is n(8)?
-1
Let p(g) = g - 2. Let l(r) = r. Let c be l(3). Suppose 2*k = k + 3, 0 = -i - c*k + 3. Calculate p(i).
-8
Let o(v) = -11*v**3 + 5*v - 12. Let s(x) = x**3 - x + 2. Let t(p) = o(p) + 6*s(p). Suppose a = 6*a - 15. Let j = a + -4. Determine t(j).
6
Let r(j) = -3*j - 3*j + 3*j. Let y be 0/((-6)/2) + 5. Give r(y).
-15
Let k(g) be the third derivative of g**6/120 - g**5/30 + g**4/24 + g**3/6 + 8*g**2. What is k(2)?
3
Let r(s) = -4*s. Suppose -2*l + 14 = 5*t, 0*t = -l - 2*t + 6. Let f be (-6 - -4)/l*1. Calculate r(f).
4
Let z(j) = 1 + 0 + 3 - j. Suppose -y + 2 = -p, 0 = 4*p - y - 1 + 3. Determine z(p).
4
Let q(k) = -k**2 - 3*k + 12. Let s be q(-5). Suppose -3*z + 17 = 5*o, 3*o + s*z + 0 = 11. Let i(r) = 3*r**2 - r. Determine i(o).
2
Let c(y) = -y**2 - 4*y + 1. Let m be c(-5). Let u = 5 + m. Let z(g) = g. Give z(u).
1
Let h(n) = -n**2 + 6*n + 6. Let t(g) = g**3 + 2*g**2 + 2. Let k be t(-2). Let z be 6/(-3) + k + 6. Determine h(z).
6
Suppose 0 = 5*d + 8 + 7. Let z(j) = j**3 + 3*j**2 - 5*j - 1. Let a be z(-4). Let u(k) = 6 + 2*k**2 - 5*k**2 - k**a - 2*k - 1 - 1. Determine u(d).
10
Let n(a) = -a**3 + 4*a**2 - 4*a + 3. Suppose 8*g = 3*g + 15. Calculate n(g).
0
Let c(z) = 2*z**3 - 6*z**2 - 5 - z**3 - 7*z - 2*z**3. Suppose 13 = -5*h + 3*k, -5*h - 3*k + 7*k - 9 = 0. Give c(h).
5
Let m(c) = -6*c**3 + c. Suppose 2*w - w = -1. Give m(w).
5
Let g(n) = -n**3 + 5*n**2 - 2. Let t be 5/(-3*2/(-6)). What is g(t)?
-2
Let z(y) = 4*y**2 + 7*y + 6. Let g(o) = -3*o**2 + 0*o**2 + o**2 + o**2. Let s(d) = -3*g(d) - z(d). Give s(-6).
0
Let q(x) = -x**2 - 4*x**2 - 3*x - x**3 - 2 + x**2 + 0*x**2. Determine q(-3).
-2
Let f be (4/8)/((-1)/6). Let t = -1 + f. Let d(j) = -j. Give d(t).
4
Let v = -5 - -7. Let n(q) = -q**2 + q**2 - q**2 - 2*q + 4*q**2 - v. Determine n(2).
6
Let v(p) = -5*p + 1. Let t be v(-1). Let a(r) = -r - 3. Give a(t).
-9
Let o(h) = 2*h**3 + 3*h - 3*h**2 + 2*h + 3*h - 6*h. Calculate o(2).
8
Let w(j) = 5*j + 1. Let i be 45/(-5)*(-2)/9. What is w(i)?
11
Let r(b) = -6*b**2 + 5*b - 5 - b**3 + b**2 + b**2. Suppose 2*v + 12 = 5*v. Let o be -7 - -1 - v/(-4). Give r(o).
-5
Let n be (2 - 48/27) + 140/18. Let u(w) = w**3 - 7*w**2 - 5*w - 1. Calculate u(n).
23
Let v(s) = 3*s**2 + 3 + 6 - s**3 - 3*s + 2*s - 10. Calculate v(3).
-4
Let f(s) = -s + 13. Let j be f(9). Let i(h) = -5*h + 5 - 1 + 2 + h**2. What is i(j)?
2
Let g = 19 - 0. Suppose g = 3*r - 2*t, t + 0*t = -2. Let b(p) = -p + 12. Determine b(r).
7
Let v(s) be the first derivative of -s**7/840 + s**6/90 - s**5/60 - s**4/12 + s**3/3 - 1. Let i(z) be the third derivative of v(z). Let n = 4 + -2. Give i(n).
2
Let o(q) be the third derivative of -q**6/120 + q**5/15 + q**4/8 - q**3/2 - 6*q**2. Calculate o(5).
-13
Let c be 4/2 + 0/4. Let d(v) = -2*v**3 + 3*v**3 + v - 5*v**c - v**2. Give d(6).
6
Let x = 14 + -11. Let g(i) = 7*i**2 + 6*i - 3*i**x + 2*i**3 + 4 - 5*i**2 - 7*i**2. What is g(-6)?
4
Let k(i) = i**2 - 2*i - 4. Let g be (-37)/(-13) - 22/(-143). What is k(g)?
-1
Let b(s) be the first derivative of -13*s**3/3 + s**2/2 + 9. What is b(1)?
-12
Let o = -5 - -2. Suppose -2*l - 2*l + 12 = 0. Let b(h) = -3 - l*h**2 + 4*h**2 + 0*h**2. Determine b(o).
6
Let o(x) = -4*x - 2 - x**3 + 5*x - 2*x - 6*x**2. Let m = -16 + 10. Give o(m).
4
Let s(i) be the first derivative of 2/3*i**3 + 5 + 0*i**2 - i. What is s(-2)?
7
Suppose -6 = -2*s - 2. Let n(c) be the first derivative of -1/2*c**4 - 1 + 4/3*c**3 - 3/2*c**2 + 2*c. Give n(s).
-4
Let u(l) = 3*l**3 + 3*l**3 - 7*l**3 - l - 2. Determine u(0).
-2
Let t(a) = a**2 + a - 1. Let n be (6/(2*1))/(168/224). Calculate t(n).
19
Let h(v) = v**3 - 6*v**2 - 8*v + 9. Let s be h(7). Suppose 5*m - 14 = 1, -u = -s*m + 6. Let i(j) = -j + 0*j - 2*j**3 + 4 - j**2 + 3 + 3*j**3. Give 